{"id":549,"date":"2015-09-12T07:58:20","date_gmt":"2015-09-12T07:58:20","guid":{"rendered":"http:\/\/wp.fcll04.de\/?page_id=549"},"modified":"2026-03-22T12:48:09","modified_gmt":"2026-03-22T12:48:09","slug":"partnersponsoren","status":"publish","type":"page","link":"https:\/\/wp.fcll04.de\/?page_id=549","title":{"rendered":"Sponsoring"},"content":{"rendered":"<p>Wie jeder Verein brauchen auch wir finanzielle Unterst\u00fctzung, um unseren Trainings- und Spielalltag bew\u00e4tigen zu k\u00f6nnen. Wir bedanken uns ganz herzlich bei allen, die sich bisher engagiert haben (weitere Sponsoren in den Lauchkicker-Heften):<\/p>\n<p>Folgendes k\u00f6nnen wir anbieten:<br \/>\n&#8211; Spenden (immer gut)<br \/>\n&#8211; Trikotsponsoring<br \/>\n&#8211; Banner auf dem Fu\u00dfballplatz<br \/>\n&#8211; Anzeigen in unserem Heft, dem &#8222;Lauchkicker&#8220;<\/p>\n<p><em>Ein Beispiel f\u00fcr Sponsoring:<\/em><\/p>\n<p><a href=\"http:\/\/wp.fcll04.de\/wp-content\/uploads\/2017\/01\/Scan_20170109.jpg\"><img loading=\"lazy\" decoding=\"async\" class=\"alignnone wp-image-3556\" src=\"http:\/\/wp.fcll04.de\/wp-content\/uploads\/2017\/01\/Scan_20170109-300x194.jpg\" alt=\"\" width=\"413\" height=\"270\" \/><\/a><\/p>\n<p><em>Der Pflanzenhof-Vaihingen ist bereits Sponsor unseres Vereins und bietet nun eine weitere M\u00f6glichkeit der Unterst\u00fctzung. Mit der Gartenlust-Kundenkarte k\u00f6nnen Vereinsmitglieder 5% ihres ihres Einkaufs* dem 1. FCLL04 gutschreiben lassen.<br \/>\n(* Einschr\u00e4nkungen des Angebots sind auf der R\u00fcckseite der Karte zu lesen)<br \/>\ndazu mehr: <a href=\"http:\/\/www.pflanzenhof-vaihingen.de\/\" target=\"_blank\" rel=\"noopener\">http:\/\/www.pflanzenhof-vaihingen.de\/<\/a><\/em><\/p>\n<p>Vor allem f\u00fcr die neu zu installierende Flutlichtanlage am neuen Kleinspielfeld sind wir dringend auf der Suche nach finanzieller Unterst\u00fctzung. Deshalb: Sponsoren dringend gesucht, Spenden sehr erw\u00fcnscht!<br \/>\nKontakt: <a href=\"mailto:info@fcll04.de\">info@fcll04.de<\/a><\/p>\n<p>Bankverbindung:<br \/>\n1.FC Lauchhau-Lauchaecker 04<br \/>\nBW-Bank<br \/>\nKto.: 1006371<br \/>\nBLZ: 60050101<br \/>\nIBAN: DE68600501010001006371<br \/>\nBIC: SOLADEST600<br \/>\nWir freuen uns \u00fcber jede Unterst\u00fctzung!<\/p>\n<p><a href=\"http:\/\/wp.fcll04.de\/wp-content\/uploads\/2019\/01\/lauchkicker_titel_2018.png\"><img loading=\"lazy\" decoding=\"async\" class=\"alignnone size-medium wp-image-7132\" src=\"http:\/\/wp.fcll04.de\/wp-content\/uploads\/2019\/01\/lauchkicker_titel_2018-214x300.png\" alt=\"\" width=\"214\" height=\"300\" srcset=\"https:\/\/wp.fcll04.de\/wp-content\/uploads\/2019\/01\/lauchkicker_titel_2018-214x300.png 214w, https:\/\/wp.fcll04.de\/wp-content\/uploads\/2019\/01\/lauchkicker_titel_2018.png 482w\" sizes=\"auto, (max-width: 214px) 100vw, 214px\" \/><\/a><br \/>\n<a  data-e-Disable-Page-Transition=\"true\" class=\"download-link\" title=\"\" href=\"https:\/\/wp.fcll04.de?download=7127&amp;tmstv=1776198707\" rel=\"nofollow\" id=\"download-link-7127\" data-redirect=\"false\" >\n\tDownload Lauchkicker 2018\t(1728 Downloads\t)\n<\/a>\n<\/p>\n<p><a href=\"http:\/\/wp.fcll04.de\/wp-content\/uploads\/2018\/09\/lauchkicker2017.jpg\"><img loading=\"lazy\" decoding=\"async\" class=\"alignnone size-medium wp-image-6638\" src=\"http:\/\/wp.fcll04.de\/wp-content\/uploads\/2018\/09\/lauchkicker2017-209x300.jpg\" alt=\"\" width=\"209\" height=\"300\" srcset=\"https:\/\/wp.fcll04.de\/wp-content\/uploads\/2018\/09\/lauchkicker2017-209x300.jpg 209w, https:\/\/wp.fcll04.de\/wp-content\/uploads\/2018\/09\/lauchkicker2017.jpg 636w\" sizes=\"auto, (max-width: 209px) 100vw, 209px\" \/><\/a><br \/>\n<a  data-e-Disable-Page-Transition=\"true\" class=\"download-link\" title=\"\" href=\"https:\/\/wp.fcll04.de?download=6634&amp;tmstv=1776198707\" rel=\"nofollow\" id=\"download-link-6634\" data-redirect=\"false\" >\n\tDownload Lauchkicker 2017\t(2341 Downloads\t)\n<\/a>\n<\/p>\n<p><a href=\"http:\/\/wp.fcll04.de\/wp-content\/uploads\/2016\/11\/lk3_titel.jpg\"><img loading=\"lazy\" decoding=\"async\" class=\"alignnone size-medium wp-image-3411\" src=\"http:\/\/wp.fcll04.de\/wp-content\/uploads\/2016\/11\/lk3_titel-212x300.jpg\" alt=\"lk3_titel\" width=\"212\" height=\"300\" srcset=\"https:\/\/wp.fcll04.de\/wp-content\/uploads\/2016\/11\/lk3_titel-212x300.jpg 212w, https:\/\/wp.fcll04.de\/wp-content\/uploads\/2016\/11\/lk3_titel.jpg 669w\" sizes=\"auto, (max-width: 212px) 100vw, 212px\" \/><\/a><br \/>\n<a  data-e-Disable-Page-Transition=\"true\" class=\"download-link\" title=\"\" href=\"https:\/\/wp.fcll04.de?download=3414&amp;tmstv=1776198707\" rel=\"nofollow\" id=\"download-link-3414\" data-redirect=\"false\" >\n\tDownload Lauchkicker 2016\t(4336 Downloads\t)\n<\/a>\n<\/p>\n<p><a href=\"http:\/\/wp.fcll04.de\/wp-content\/uploads\/2015\/09\/Lauchkicker15.jpg\"><img loading=\"lazy\" decoding=\"async\" class=\"alignnone size-medium wp-image-833\" src=\"http:\/\/wp.fcll04.de\/wp-content\/uploads\/2015\/09\/Lauchkicker15-212x300.jpg\" alt=\"Lauchkicker15\" width=\"212\" height=\"300\" srcset=\"https:\/\/wp.fcll04.de\/wp-content\/uploads\/2015\/09\/Lauchkicker15-212x300.jpg 212w, https:\/\/wp.fcll04.de\/wp-content\/uploads\/2015\/09\/Lauchkicker15.jpg 670w\" sizes=\"auto, (max-width: 212px) 100vw, 212px\" \/><\/a><br \/>\n<a  data-e-Disable-Page-Transition=\"true\" class=\"download-link\" title=\"\" href=\"https:\/\/wp.fcll04.de?download=3308&amp;tmstv=1776198707\" rel=\"nofollow\" id=\"download-link-3308\" data-redirect=\"false\" >\n\tDownload Lauchkicker 2015\t(2531 Downloads\t)\n<\/a>\n<\/p>\n<p><a href=\"http:\/\/wp.fcll04.de\/wp-content\/uploads\/2015\/09\/lauchkicker_2015.pdf\"><img loading=\"lazy\" decoding=\"async\" class=\"alignnone wp-image-800 size-medium\" src=\"http:\/\/wp.fcll04.de\/wp-content\/uploads\/2015\/09\/Lauchkicker14-211x300.jpg\" alt=\"Lauchkicker14\" width=\"211\" height=\"300\" srcset=\"https:\/\/wp.fcll04.de\/wp-content\/uploads\/2015\/09\/Lauchkicker14-211x300.jpg 211w, https:\/\/wp.fcll04.de\/wp-content\/uploads\/2015\/09\/Lauchkicker14.jpg 671w\" sizes=\"auto, (max-width: 211px) 100vw, 211px\" \/><\/a><br \/>\n<a  data-e-Disable-Page-Transition=\"true\" class=\"download-link\" title=\"\" href=\"https:\/\/wp.fcll04.de?download=3302&amp;tmstv=1776198707\" rel=\"nofollow\" id=\"download-link-3302\" data-redirect=\"false\" >\n\tDownload Lauchkicker 2014\t(2469 Downloads\t)\n<\/a>\n<\/p>\n","protected":false},"excerpt":{"rendered":"<p>Wie jeder Verein brauchen auch wir finanzielle Unterst\u00fctzung, um unseren Trainings- und Spielalltag bew\u00e4tigen zu k\u00f6nnen. Wir bedanken uns ganz herzlich bei allen, die sich bisher engagiert haben (weitere Sponsoren in den Lauchkicker-Heften): Folgendes k\u00f6nnen wir anbieten: &#8211; Spenden (immer gut) &#8211; Trikotsponsoring &#8211; Banner auf dem Fu\u00dfballplatz &#8211; Anzeigen in unserem Heft, dem &#8222;Lauchkicker&#8220; &#8230; <a title=\"Sponsoring\" class=\"read-more\" href=\"https:\/\/wp.fcll04.de\/?page_id=549\" aria-label=\"Mehr Informationen \u00fcber Sponsoring\">Weiterlesen<\/a><\/p>\n","protected":false},"author":1,"featured_media":4886,"parent":0,"menu_order":0,"comment_status":"closed","ping_status":"closed","template":"","meta":{"footnotes":""},"class_list":["post-549","page","type-page","status-publish","has-post-thumbnail"],"_links":{"self":[{"href":"https:\/\/wp.fcll04.de\/index.php?rest_route=\/wp\/v2\/pages\/549","targetHints":{"allow":["GET"]}}],"collection":[{"href":"https:\/\/wp.fcll04.de\/index.php?rest_route=\/wp\/v2\/pages"}],"about":[{"href":"https:\/\/wp.fcll04.de\/index.php?rest_route=\/wp\/v2\/types\/page"}],"author":[{"embeddable":true,"href":"https:\/\/wp.fcll04.de\/index.php?rest_route=\/wp\/v2\/users\/1"}],"replies":[{"embeddable":true,"href":"https:\/\/wp.fcll04.de\/index.php?rest_route=%2Fwp%2Fv2%2Fcomments&post=549"}],"version-history":[{"count":39,"href":"https:\/\/wp.fcll04.de\/index.php?rest_route=\/wp\/v2\/pages\/549\/revisions"}],"predecessor-version":[{"id":11692,"href":"https:\/\/wp.fcll04.de\/index.php?rest_route=\/wp\/v2\/pages\/549\/revisions\/11692"}],"wp:featuredmedia":[{"embeddable":true,"href":"https:\/\/wp.fcll04.de\/index.php?rest_route=\/wp\/v2\/media\/4886"}],"wp:attachment":[{"href":"https:\/\/wp.fcll04.de\/index.php?rest_route=%2Fwp%2Fv2%2Fmedia&parent=549"}],"curies":[{"name":"wp","href":"https:\/\/api.w.org\/{rel}","templated":true}]}}