{"id":632,"date":"2015-09-12T21:46:01","date_gmt":"2015-09-12T21:46:01","guid":{"rendered":"http:\/\/wp.fcll04.de\/?page_id=632"},"modified":"2026-03-13T07:11:56","modified_gmt":"2026-03-13T07:11:56","slug":"satzung","status":"publish","type":"page","link":"https:\/\/wp.fcll04.de\/?page_id=632","title":{"rendered":"Mitgliedsantrag\/Sonstige Downloads"},"content":{"rendered":"\n<p><strong>Antrag Familienmitgliedschaft:<\/strong><br><a href=\"https:\/\/hexa.easyverein.com\/public\/LL04\/applicationform\/5941\" target=\"_blank\" rel=\"noopener\">https:\/\/hexa.easyverein.com\/public\/LL04\/applicationform\/5941<\/a><\/p>\n\n\n\n<p><strong>Antrag Einzelmitgliedschaft:<\/strong><br><a href=\"https:\/\/hexa.easyverein.com\/public\/LL04\/applicationform\/5940\" target=\"_blank\" rel=\"noopener\">https:\/\/hexa.easyverein.com\/public\/LL04\/applicationform\/5940<\/a><\/p>\n\n\n\n<p><a href=\"https:\/\/wp.fcll04.de\/wp-content\/uploads\/2024\/12\/LL04_Beitragsordnung_und_Tarife_ab_01.01.2025.pdf\" target=\"_blank\" rel=\"noopener\">Beitragsordnung und aktuelle Tarif\u00fcbersicht<\/a><\/p>\n\n\n\n<p><a href=\"https:\/\/wp.fcll04.de\/wp-content\/uploads\/2024\/02\/LL04-Datenschutzerklaerung-Mitglieder_final.pdf\" target=\"_blank\" rel=\"noopener\">Datenschutzerkl\u00e4rung f\u00fcr Mitglieder<\/a><\/p>\n\n\n\n<p><\/p>\n\n\n\n<p><a style=\"font-size: revert;\" href=\"https:\/\/www.wuerttfv.de\/service\/download\/\" target=\"_blank\" rel=\"noopener noreferrer\">WFV Durchfuehrungsbestimmungen Downloads<\/a><\/p>\n\n\n\n<p><a href=\"http:\/\/wp.fcll04.de\/wp-content\/uploads\/2015\/09\/Spielfelder_2017.pdf\" target=\"_blank\" rel=\"noopener noreferrer\">Spielfelder<\/a><\/p>\n\n\n\n<p><\/p>\n\n\n\n<p><\/p>\n","protected":false},"excerpt":{"rendered":"<p>Antrag Familienmitgliedschaft:https:\/\/hexa.easyverein.com\/public\/LL04\/applicationform\/5941 Antrag Einzelmitgliedschaft:https:\/\/hexa.easyverein.com\/public\/LL04\/applicationform\/5940 Beitragsordnung und aktuelle Tarif\u00fcbersicht Datenschutzerkl\u00e4rung f\u00fcr Mitglieder WFV Durchfuehrungsbestimmungen Downloads Spielfelder<\/p>\n","protected":false},"author":2,"featured_media":6509,"parent":0,"menu_order":0,"comment_status":"closed","ping_status":"closed","template":"","meta":{"footnotes":""},"class_list":["post-632","page","type-page","status-publish","has-post-thumbnail"],"_links":{"self":[{"href":"https:\/\/wp.fcll04.de\/index.php?rest_route=\/wp\/v2\/pages\/632","targetHints":{"allow":["GET"]}}],"collection":[{"href":"https:\/\/wp.fcll04.de\/index.php?rest_route=\/wp\/v2\/pages"}],"about":[{"href":"https:\/\/wp.fcll04.de\/index.php?rest_route=\/wp\/v2\/types\/page"}],"author":[{"embeddable":true,"href":"https:\/\/wp.fcll04.de\/index.php?rest_route=\/wp\/v2\/users\/2"}],"replies":[{"embeddable":true,"href":"https:\/\/wp.fcll04.de\/index.php?rest_route=%2Fwp%2Fv2%2Fcomments&post=632"}],"version-history":[{"count":40,"href":"https:\/\/wp.fcll04.de\/index.php?rest_route=\/wp\/v2\/pages\/632\/revisions"}],"predecessor-version":[{"id":11629,"href":"https:\/\/wp.fcll04.de\/index.php?rest_route=\/wp\/v2\/pages\/632\/revisions\/11629"}],"wp:featuredmedia":[{"embeddable":true,"href":"https:\/\/wp.fcll04.de\/index.php?rest_route=\/wp\/v2\/media\/6509"}],"wp:attachment":[{"href":"https:\/\/wp.fcll04.de\/index.php?rest_route=%2Fwp%2Fv2%2Fmedia&parent=632"}],"curies":[{"name":"wp","href":"https:\/\/api.w.org\/{rel}","templated":true}]}}